{"id":575,"date":"2015-07-15T15:29:46","date_gmt":"2015-07-15T15:29:46","guid":{"rendered":"http:\/\/tapiolary.com\/?page_id=575"},"modified":"2018-04-01T23:15:07","modified_gmt":"2018-04-01T23:15:07","slug":"lausunto-mmmn-asetuksesta-koskien-uroshaahkan-kesa-metsastyksen-rajoittamista-metsastysvuosina-2015-2018","status":"publish","type":"page","link":"https:\/\/tapiolary.com\/?page_id=575","title":{"rendered":"Lausunto uroshaahkan kes\u00e4mets\u00e4styksen rajoituksesta 2015\u20132018"},"content":{"rendered":"<p>LAUSUNTO MMM:N ASETUKSESTA KOSKIEN UROSHAAHKAN KES\u00c4-METS\u00c4STYKSEN RAJOITTAMISTA METS\u00c4STYSVUOSINA 2015\u20132018<br \/>\nLuonnonsuojeluyhdistys Tapiola on tutustunut Maa-ja mets\u00e4talousministeri\u00f6n asetusluonnokseen, sek\u00e4 asetusta koskevaan muistioon liitteineen ja lausuu asiasta seuraavaa:<\/p>\n<p>L\u00e4ht\u00f6kohtaisesti haahkakoiraiden kes\u00e4mets\u00e4stys on tarpeetonta ja on syyt\u00e4 kielt\u00e4\u00e4 se kokonaan. Kuitenkin v\u00e4hint\u00e4\u00e4n seuraavat seikat tulee asetuksessa huomioida:<\/p>\n<p>1. Mets\u00e4styslain (615\/1993) 20 \u00a7:n 1 momentin mukaan mets\u00e4styst\u00e4 on harjoitettava kest\u00e4v\u00e4n k\u00e4yt\u00f6n periaatteella. Riistael\u00e4inkatoja ei saa vaarantaa. Lis\u00e4ksi haahka kuuluu EU:n lintudirektiin artikla 1:n ja liitteen IIB-osan lajeihin. Haahkakanta oli harvalukuinen 1900-luvun alkupuolella, mutta k\u00e4\u00e4ntyi kasvuun heti sotien j\u00e4lkeen. Kasvu jatkui aina 1980-luvulle, ollen parhaimmillaan liki 200 000 pesiv\u00e4\u00e4 paria. T\u00e4m\u00e4n j\u00e4lkeen kanta on ollut voimakkaasti taantuva ja nykyinen kanta on noin puolet -80 luvun kannasta. Taantumaa on tapahtunut koko EU:n alueella ja haahka onkin arvioitu EU:n alueella eritt\u00e4in uhanalaiseksi (EN) juuri kannan romahtamisen vuoksi.<\/p>\n<p>Haahkakoiraiden kes\u00e4mets\u00e4stys ei edesauta haahkakannan positiivista kehityst\u00e4. Mik\u00e4li tarkoitus on turvata jatkuvasti taantuvan lajin elinvoimaisuus, ei koiraiden mets\u00e4stys edesauta t\u00e4t\u00e4 kehityst\u00e4 mill\u00e4\u00e4n tavoin.<\/p>\n<p>2. Muistion liitteen\u00e4 olevien karttojen rajat ovat ep\u00e4tarkkoja ja kelvottomia l\u00e4hemp\u00e4\u00e4n tarkasteluun. Niist\u00e4 ei k\u00e4y selke\u00e4sti ilmi mill\u00e4 luodoilla haahkakoiraiden kes\u00e4mets\u00e4stys olisi sallittua. Luonnonsuojelualueet ja natura-alueet tulee ehdottomasti rajata alueiden ulkopuolelle, samoin muut t\u00e4rke\u00e4t saaristolintujen pesim\u00e4luodot ja saaret. Karttojen tulisi olla yksityiskohtaisempia ja tarkempia, jotta my\u00f6s maastossa k\u00e4y ilmi selke\u00e4sti mill\u00e4 puolella rajaa ollaan.<\/p>\n<p>3. Lintudirektiivin 7 artikla kielt\u00e4\u00e4 lintujen pesim\u00e4aikaisen h\u00e4irinn\u00e4n. Ulkoluodoilla, jonne haahkakoiraat siirtyv\u00e4t, pesii my\u00f6s muita lintuja, kuten lokkeja, riskil\u00f6it\u00e4, karikukkoja ja luotokirvisi\u00e4. Riskil\u00e4 ja karikukko ovat my\u00f6s taantuneet. Pesim\u00e4aikaan tapahtuvan koirashaahkan mets\u00e4stys aiheuttaa tarpeetonta h\u00e4iri\u00f6t\u00e4 ulkosaaristossa. Lis\u00e4\u00e4ntynyt veneily, maihinnousu ja koirien k\u00e4ytt\u00f6 h\u00e4iritsev\u00e4t muiden lintujen pesint\u00e4\u00e4.<\/p>\n<p>4. Etenkin Per\u00e4merell\u00e4 haahka on harvalukuinen. Kes\u00e4mets\u00e4stys tulee kielt\u00e4\u00e4 n\u00e4ill\u00e4 alueilla joilla kanta on jo valmiiksi pieni.<\/p>\n<p>5. Haahkakoiraita mets\u00e4stet\u00e4\u00e4n my\u00f6s syksyll\u00e4, sill\u00e4 nuoret koiraat muistuttavat naarasta. Syksyll\u00e4 tapahtuva mets\u00e4stys kohdistuu siis sek\u00e4 naaraisiin, ett\u00e4 samana kes\u00e4n\u00e4 kuoriutuneisiin koiraisiin.<br \/>\nLuonnonsuojeluyhdistys Tapiola ry<\/p>\n","protected":false},"excerpt":{"rendered":"<p>LAUSUNTO MMM:N ASETUKSESTA KOSKIEN UROSHAAHKAN KES\u00c4-METS\u00c4STYKSEN RAJOITTAMISTA METS\u00c4STYSVUOSINA 2015\u20132018 Luonnonsuojeluyhdistys Tapiola on tutustunut Maa-ja mets\u00e4talousministeri\u00f6n asetusluonnokseen, sek\u00e4 asetusta koskevaan muistioon liitteineen ja lausuu asiasta seuraavaa: L\u00e4ht\u00f6kohtaisesti haahkakoiraiden kes\u00e4mets\u00e4stys on tarpeetonta ja on syyt\u00e4 kielt\u00e4\u00e4 se kokonaan. Kuitenkin v\u00e4hint\u00e4\u00e4n seuraavat seikat tulee asetuksessa huomioida: 1. Mets\u00e4styslain (615\/1993) 20 \u00a7:n 1 momentin mukaan mets\u00e4styst\u00e4 on harjoitettava kest\u00e4v\u00e4n [&hellip;]<\/p>\n","protected":false},"author":2,"featured_media":0,"parent":2112,"menu_order":0,"comment_status":"closed","ping_status":"closed","template":"","meta":{"ngg_post_thumbnail":0,"footnotes":""},"class_list":["post-575","page","type-page","status-publish"],"_links":{"self":[{"href":"https:\/\/tapiolary.com\/index.php?rest_route=\/wp\/v2\/pages\/575","targetHints":{"allow":["GET"]}}],"collection":[{"href":"https:\/\/tapiolary.com\/index.php?rest_route=\/wp\/v2\/pages"}],"about":[{"href":"https:\/\/tapiolary.com\/index.php?rest_route=\/wp\/v2\/types\/page"}],"author":[{"embeddable":true,"href":"https:\/\/tapiolary.com\/index.php?rest_route=\/wp\/v2\/users\/2"}],"replies":[{"embeddable":true,"href":"https:\/\/tapiolary.com\/index.php?rest_route=%2Fwp%2Fv2%2Fcomments&post=575"}],"version-history":[{"count":2,"href":"https:\/\/tapiolary.com\/index.php?rest_route=\/wp\/v2\/pages\/575\/revisions"}],"predecessor-version":[{"id":1150,"href":"https:\/\/tapiolary.com\/index.php?rest_route=\/wp\/v2\/pages\/575\/revisions\/1150"}],"up":[{"embeddable":true,"href":"https:\/\/tapiolary.com\/index.php?rest_route=\/wp\/v2\/pages\/2112"}],"wp:attachment":[{"href":"https:\/\/tapiolary.com\/index.php?rest_route=%2Fwp%2Fv2%2Fmedia&parent=575"}],"curies":[{"name":"wp","href":"https:\/\/api.w.org\/{rel}","templated":true}]}}