{"id":446,"date":"2015-03-30T21:01:33","date_gmt":"2015-03-30T21:01:33","guid":{"rendered":"http:\/\/tapiolary.com\/?page_id=446"},"modified":"2018-04-01T23:13:31","modified_gmt":"2018-04-01T23:13:31","slug":"lausunto-ehdotuksesta-suomen-merenhoitosuunnitelman-toimenpideohjelmaksi-ym14002015","status":"publish","type":"page","link":"https:\/\/tapiolary.com\/?page_id=446","title":{"rendered":"Lausunto merenhoitosuunnitelman toimeenpanosta  (YM1\/400\/2015)"},"content":{"rendered":"<p>&nbsp;<\/p>\n<p>&nbsp;<\/p>\n<p><a href=\"https:\/\/tapiolary.com\/wp-content\/uploads\/2015\/03\/screenshot.12-03-2015-22.17.14.jpg\"><img loading=\"lazy\" decoding=\"async\" class=\"alignright wp-image-448 size-thumbnail\" src=\"https:\/\/tapiolary.com\/wp-content\/uploads\/2015\/03\/screenshot.12-03-2015-22.17.14-150x150.jpg\" alt=\"screenshot.12-03-2015 22.17.14\" width=\"150\" height=\"150\" \/><\/a><\/p>\n<p>&nbsp;<\/p>\n<p>&nbsp;<\/p>\n<p>LAUSUNTO EHDOTUKSESTA SUOMEN MERENHOITOSUUNNITELMAN TOIMENPIDEOHJELMAKSI (YM1\/400\/2015)<br \/>\nLuonnonsuojeluyhdistys Tapiola ry on tutustunut ymp\u00e4rist\u00f6ministeri\u00f6n ehdotukseen Suomen merenhoitosuunnitelman toimenpideohjelmaksi ja toteaa siit\u00e4 seuraavaa:<\/p>\n<p>1. Yleist\u00e4:<\/p>\n<p>Yhdistys kiitt\u00e4\u00e4 merenhoitosuunnitelmaa sen laaja-alaisuudesta ja huomaa ett\u00e4 suunnitelmaa on laatinut kattava asiantuntijaverkosto. Yhdistys painottaa kuitenkin vesienhoitosuunnitelman merkityst\u00e4, sill\u00e4 vesist\u00f6t ovat kokonaisuuksia. Mereen p\u00e4\u00e4tyess\u00e4\u00e4n esimerkiksi ravinteille ei ole en\u00e4\u00e4 mit\u00e4\u00e4n teht\u00e4viss\u00e4, joten ensiarvoisen t\u00e4rkeit\u00e4 ovat ne toimenpiteet joita tehd\u00e4\u00e4n vesireiteill\u00e4. It\u00e4meri on ainutlaatuinen ekosysteemi. Meill\u00e4 ei ole miss\u00e4\u00e4n toista It\u00e4merta.<\/p>\n<p>Luonnon- ja ymp\u00e4rist\u00f6nsuojelu ei voi perustua pelk\u00e4st\u00e4\u00e4n vapaaehtoisuuteen, ja erityinen painoarvo asialle pit\u00e4\u00e4 antaa nyt kun s\u00e4\u00e4ntely\u00e4 halutaan purkaa. Komplisoituessaan ymp\u00e4rist\u00f6ongelmat koettelevat nimenomaan my\u00f6s sosiaalista kest\u00e4vyytt\u00e4 ja tulevat my\u00f6s kalliiksi. Ennaltaehk\u00e4isy on aina halvempaa kuin vahinkojen korjaaminen. Meriekosysteemi on valtaisa kokonaisuus, joten yhdistys korostaa ty\u00f6n pitk\u00e4j\u00e4nteisyytt\u00e4. Tavoiteaikataulussa tulee ehdottomasti pit\u00e4yty\u00e4, sill\u00e4 monet toimenpiteet ovat nyt jo my\u00f6h\u00e4ss\u00e4.<\/p>\n<p>2. Rehev\u00f6ityminen ja haitalliset aineet<\/p>\n<p>Merenhoitosuunnitelman toteutuminen on pitk\u00e4lti sidoksissa vesienhoidon suunnitelmaan. Vesireittien varrelta kaikki p\u00e4\u00e4tyy lopulta mereen. Vesiensuojelutoimia tulee tehostaa nimenomaan maatalouden osalta, joka on suurin yksitt\u00e4inen It\u00e4meren kuormittaja mit\u00e4 typen ja fosforin p\u00e4\u00e4st\u00f6ihin tulee. Maatalouden vesiensuojelussa on k\u00e4ytett\u00e4viss\u00e4 useita, tehokkaita keinoja ravinnekuorman v\u00e4hent\u00e4miseen. My\u00f6s nitraattiasetuksen toimeenpanoa on tehostettava ja lantapoikkeus tulee poistaa.<\/p>\n<p>MARPOL yleissopimuksen toimeenpanoa ei voi lyk\u00e4t\u00e4. Suomelta edellytet\u00e4\u00e4n kansainv\u00e4list\u00e4 yhteisty\u00f6t\u00e4. My\u00f6s vakavan \u00f6ljyonnettomuuden riski on todellinen ja laivojen ohjausta sek\u00e4 valvontaa tulee tehostaa.<\/p>\n<p>Puhdistamoiden ohijuoksutuksia ja teollisuuden p\u00e4\u00e4st\u00f6j\u00e4 ei voida sallia. Viranomaisvalvontaa tulee tehostaa t\u00e4lt\u00e4 osin, koska omavalvonta on liian usein osoittautunut riitt\u00e4m\u00e4tt\u00f6m\u00e4ksi ja tehottomaksi. &#8221;Pilaaja maksaa&#8221;-periaatteen mukaisesti korvausvelvollisuus tulee olla itsest\u00e4\u00e4n selv\u00e4. Sulfaatille tulisi ehdottomasti asettaa tiukemmat p\u00e4\u00e4st\u00f6rajat ja sis\u00e4llytt\u00e4\u00e4 sulfaatti Valtioneuvoston asetukseen vesiymp\u00e4rist\u00f6lle vaarallisista ja haitallisista aineista.<\/p>\n<p>Soidensuojelu ja metsiensuojelu ovat t\u00e4rkeit\u00e4 my\u00f6s vesiensuojelun kannalta. METSO-ohjelmassa vapaaehtoisuus toimii, mutta vesitaloudeltaan yhten\u00e4inen ekosysteemi, kuten suo on kokonaisuus ja sellaisena sit\u00e4 tulisi my\u00f6s tarkastella. Kunnostusojituksen tukemisesta voidaan luopua, samoin ymp\u00e4rist\u00f6lle haitallisten ja muutoin taloudellisesti t\u00e4ysin kannattamattomien hankkeiden tukemisesta. N\u00e4in syntyy my\u00f6s s\u00e4\u00e4st\u00f6j\u00e4.<\/p>\n<p>3. Merelliset luonnonvarat ja ekosysteemit<\/p>\n<p>Painolastivesiyleissopimus tulee ratifioida aikataulussaan. T\u00e4rkeiden hankkeiden, kuten VELMU:n jatkuvuus ja rahoitus on turvattava. Vedenalaiset uhanalaiset luontotyypit on sis\u00e4llytett\u00e4v\u00e4 lakiin.<\/p>\n<p>Suomen uhanalaisuusluokituksesta (2010) l\u00f6ytyv\u00e4t seuraavat kalalajit:<br \/>\nHarjus (meri), \u00e4\u00e4rimm\u00e4isen uhanalainen (CR)<br \/>\nTaimen (meri), \u00e4\u00e4rimm\u00e4isen uhanalainen (CR)<br \/>\nAnkerias, eritt\u00e4in uhanalainen (EN)<br \/>\nVaellussiika, eritt\u00e4in uhanalainen (EN)<br \/>\nNahkiainen, silm\u00e4ll\u00e4pidett\u00e4v\u00e4 (NT)<br \/>\nLohi (meri), vaarantunut (VU)<\/p>\n<p>Uhanalaiset kalalajit tulee yksiselitteisesti rauhoittaa. Niiden kalastus, edes rajoitettuna ei ole mill\u00e4\u00e4n tavoin kest\u00e4v\u00e4ll\u00e4 pohjalla. T\u00e4m\u00e4 on my\u00f6s kalastuselinkeinon etu. Tarvittaessa valvontaa tulee lis\u00e4t\u00e4.<\/p>\n<p>Vaelluskalojen p\u00e4\u00e4sy kutupaikoille on turvattava mm. kalateiden avulla. Kalakannat pit\u00e4\u00e4 elinvoimaisena se, ett\u00e4 kala p\u00e4\u00e4see lis\u00e4\u00e4ntym\u00e4\u00e4n luontaisilla kutupaikoillaan. Tarvittaessa kutupaikkoja tulee kunnostaa. Suuri vastuu kalakantojen hyvinvoinnista on energiayhti\u00f6ill\u00e4, joiden velvoitteita kalakantojen elvytt\u00e4miseksi on lis\u00e4tt\u00e4v\u00e4. Siirtoistutukset eiv\u00e4t ole kest\u00e4v\u00e4\u00e4 kalakantojen hoitoa. Koskiensuojelulaki on my\u00f6s syyt\u00e4 j\u00e4tt\u00e4\u00e4 n\u00e4inollen rauhaan. Osa kalalajeista on puutteellisesti tunnettuja ja n\u00e4iden tilaa tuleekin selvitt\u00e4\u00e4. My\u00f6s vieraslajien tarkka seuranta on tarpeen.<\/p>\n<p>Hylkeen mets\u00e4stys ei saa v\u00e4\u00e4rist\u00e4\u00e4 hylkeiden sukupuolijakaumaa, tarvittaessa tulee ryhty\u00e4 tarvittaviin rauhoitustoimiin. Hoitosuunnitelman tarvitsisivat ainakin: ankerias, norppa ja kuha. Kalastajien sivusaaliiseen, kuten vesilinnut ja hylkeet tulee asettaa ilmoitusvelvollisuus.<\/p>\n<p>4. Muuta huomioitavaa<\/p>\n<p>Vesiviljely kuormittaa niinik\u00e4\u00e4n It\u00e4merta, vaikka sen vaikutukset ovat enimm\u00e4kseen paikallisia. Vesiviljelyn toteuttaminen maalla siten ett\u00e4 j\u00e4teveden puhdistuksesta on huolehdittu, voisi olla mielekk\u00e4\u00e4mp\u00e4\u00e4.<\/p>\n<p>Ruoppausten valvontaa ja seurantaa on tehostettava ja etenkin useiden pienten ruoppausten yhteisvaikutukset tulee selvitt\u00e4\u00e4.<\/p>\n<p>&nbsp;<\/p>\n","protected":false},"excerpt":{"rendered":"<p>&nbsp; &nbsp; &nbsp; &nbsp; LAUSUNTO EHDOTUKSESTA SUOMEN MERENHOITOSUUNNITELMAN TOIMENPIDEOHJELMAKSI (YM1\/400\/2015) Luonnonsuojeluyhdistys Tapiola ry on tutustunut ymp\u00e4rist\u00f6ministeri\u00f6n ehdotukseen Suomen merenhoitosuunnitelman toimenpideohjelmaksi ja toteaa siit\u00e4 seuraavaa: 1. Yleist\u00e4: Yhdistys kiitt\u00e4\u00e4 merenhoitosuunnitelmaa sen laaja-alaisuudesta ja huomaa ett\u00e4 suunnitelmaa on laatinut kattava asiantuntijaverkosto. Yhdistys painottaa kuitenkin vesienhoitosuunnitelman merkityst\u00e4, sill\u00e4 vesist\u00f6t ovat kokonaisuuksia. Mereen p\u00e4\u00e4tyess\u00e4\u00e4n esimerkiksi ravinteille ei ole en\u00e4\u00e4 [&hellip;]<\/p>\n","protected":false},"author":2,"featured_media":448,"parent":2112,"menu_order":1,"comment_status":"closed","ping_status":"closed","template":"","meta":{"ngg_post_thumbnail":0,"footnotes":""},"class_list":["post-446","page","type-page","status-publish","has-post-thumbnail"],"_links":{"self":[{"href":"https:\/\/tapiolary.com\/index.php?rest_route=\/wp\/v2\/pages\/446","targetHints":{"allow":["GET"]}}],"collection":[{"href":"https:\/\/tapiolary.com\/index.php?rest_route=\/wp\/v2\/pages"}],"about":[{"href":"https:\/\/tapiolary.com\/index.php?rest_route=\/wp\/v2\/types\/page"}],"author":[{"embeddable":true,"href":"https:\/\/tapiolary.com\/index.php?rest_route=\/wp\/v2\/users\/2"}],"replies":[{"embeddable":true,"href":"https:\/\/tapiolary.com\/index.php?rest_route=%2Fwp%2Fv2%2Fcomments&post=446"}],"version-history":[{"count":6,"href":"https:\/\/tapiolary.com\/index.php?rest_route=\/wp\/v2\/pages\/446\/revisions"}],"predecessor-version":[{"id":1148,"href":"https:\/\/tapiolary.com\/index.php?rest_route=\/wp\/v2\/pages\/446\/revisions\/1148"}],"up":[{"embeddable":true,"href":"https:\/\/tapiolary.com\/index.php?rest_route=\/wp\/v2\/pages\/2112"}],"wp:featuredmedia":[{"embeddable":true,"href":"https:\/\/tapiolary.com\/index.php?rest_route=\/wp\/v2\/media\/448"}],"wp:attachment":[{"href":"https:\/\/tapiolary.com\/index.php?rest_route=%2Fwp%2Fv2%2Fmedia&parent=446"}],"curies":[{"name":"wp","href":"https:\/\/api.w.org\/{rel}","templated":true}]}}