{"id":2385,"date":"2018-06-13T13:53:16","date_gmt":"2018-06-13T13:53:16","guid":{"rendered":"http:\/\/tapiolary.com\/?page_id=2385"},"modified":"2018-06-13T13:53:16","modified_gmt":"2018-06-13T13:53:16","slug":"asetus-teeri-metso-riekko-pyy-dnro-1401-01-03-2017","status":"publish","type":"page","link":"https:\/\/tapiolary.com\/?page_id=2385","title":{"rendered":"Asetus: teeri, metso, riekko, pyy (Dnro 1401\/01.03\/2017):"},"content":{"rendered":"<p><strong><a href=\"https:\/\/tapiolary.com\/wp-content\/uploads\/2018\/06\/581315_347266198668969_1620274282_n.jpg\"><img loading=\"lazy\" decoding=\"async\" class=\"alignleft size-medium wp-image-2386\" src=\"https:\/\/tapiolary.com\/wp-content\/uploads\/2018\/06\/581315_347266198668969_1620274282_n-300x200.jpg\" alt=\"\" width=\"300\" height=\"200\" srcset=\"https:\/\/tapiolary.com\/wp-content\/uploads\/2018\/06\/581315_347266198668969_1620274282_n-300x200.jpg 300w, https:\/\/tapiolary.com\/wp-content\/uploads\/2018\/06\/581315_347266198668969_1620274282_n-768x512.jpg 768w, https:\/\/tapiolary.com\/wp-content\/uploads\/2018\/06\/581315_347266198668969_1620274282_n.jpg 900w\" sizes=\"auto, (max-width: 300px) 100vw, 300px\" \/><\/a>Lausunto luonnoksesta maa- ja mets\u00e4talousministeri\u00f6n asetukseksi metson, teeren, pyyn ja riekon mets\u00e4styksen kielt\u00e4misest\u00e4 mets\u00e4stysvuonna 2017\u20132018 (Dnro 1401\/01.03\/2017):<\/strong><\/p>\n<p><strong>&nbsp;<\/strong><\/p>\n<p><strong>&nbsp;<\/strong><\/p>\n<p>&nbsp;<\/p>\n<p>&nbsp;<\/p>\n<p>&nbsp;<\/p>\n<p>&nbsp;<\/p>\n<p>&nbsp;<\/p>\n<p>Luonnonsuojeluliitto Tapola (j\u00e4ljemp\u00e4n\u00e4 Liitto) on tutustunut asetusluonnokseen, sek\u00e4 -muistioon liitteineen ja lausuu asiasta seuraavaa:<\/p>\n<ol>\n<li>Yleist\u00e4 riistalinnuista<\/li>\n<li>Riekko<\/li>\n<li>Metso<\/li>\n<li>Teeri<\/li>\n<li>Pyy<\/li>\n<\/ol>\n<p>&nbsp;<\/p>\n<p>&nbsp;<\/p>\n<ol>\n<li>Yleist\u00e4 riistalinnuista:<\/li>\n<\/ol>\n<p>&nbsp;<\/p>\n<p>Mets\u00e4styslain 20\u00a7 mukaan mets\u00e4styst\u00e4 on harjoitettava seuraavasti: <em>\u201dMets\u00e4styst\u00e4 on harjoitettava kest\u00e4v\u00e4n k\u00e4yt\u00f6n periaatteiden mukaisesti ja siten, ett\u00e4 riistael\u00e4inkannat eiv\u00e4t vaarannu, luontoa ei tarpeettomasti vahingoiteta, riistakantaa ei vaaranneta eik\u00e4 el\u00e4imille tuoteta tarpeetonta k\u00e4rsimyst\u00e4<\/em>.\u201d<a href=\"#_ftn1\" name=\"_ftnref1\">[1]<\/a> Viimeisen 15 vuoden aikana uhanalaisuustilastoja<a href=\"#_ftn2\" name=\"_ftnref2\">[2]<\/a> tarkastellessa voidaan havaita seuraava kehitys mets\u00e4styslaissa lueteltujen riistalintujen<a href=\"#_ftn3\" name=\"_ftnref3\">[3]<\/a> osalta (Taulukko 1):<br \/>\n<u>Laji&nbsp;&nbsp;&nbsp;&nbsp;&nbsp;&nbsp;&nbsp;&nbsp;&nbsp;&nbsp;&nbsp;&nbsp;&nbsp;&nbsp;&nbsp;&nbsp;&nbsp;&nbsp;&nbsp;&nbsp;&nbsp; luokitus v.&nbsp;&nbsp;&nbsp;&nbsp;&nbsp;&nbsp;&nbsp; 2015&nbsp; &nbsp; &nbsp; &nbsp; &nbsp; &nbsp; 2010&nbsp; &nbsp; &nbsp; &nbsp; &nbsp; &nbsp; &nbsp;2000&nbsp; &nbsp; &nbsp; &nbsp; &nbsp; &nbsp; &nbsp; yksil\u00f6m\u00e4\u00e4r\u00e4 2015<\/u><\/p>\n<p>Mets\u00e4hanhi (<em>Anser fabalis<\/em>)&nbsp;&nbsp;&nbsp; VU&nbsp; &nbsp; &nbsp; &nbsp; &nbsp; &nbsp; &nbsp; &nbsp; &nbsp; &nbsp; NT&nbsp; &nbsp; &nbsp; &nbsp; &nbsp; &nbsp; &nbsp; &nbsp; &nbsp; &nbsp; &nbsp;NT &nbsp;&nbsp;&nbsp;&nbsp;&nbsp;&nbsp;&nbsp;&nbsp;&nbsp;&nbsp;&nbsp;&nbsp;&nbsp;&nbsp;&nbsp;&nbsp;&nbsp;&nbsp;&nbsp;&nbsp;&nbsp; 2000\u20135000<\/p>\n<p>Haapana (<em>Anas penelope<\/em>) &nbsp;&nbsp;&nbsp;&nbsp;&nbsp; VU&nbsp; &nbsp; &nbsp; &nbsp; &nbsp; &nbsp; &nbsp; &nbsp; &nbsp; &nbsp;LC &nbsp;&nbsp;&nbsp;&nbsp;&nbsp;&nbsp;&nbsp;&nbsp;&nbsp;&nbsp;&nbsp;&nbsp;&nbsp;&nbsp;&nbsp;&nbsp;&nbsp;&nbsp;&nbsp;&nbsp;&nbsp; LC &nbsp;&nbsp;&nbsp;&nbsp;&nbsp;&nbsp;&nbsp;&nbsp;&nbsp;&nbsp;&nbsp;&nbsp;&nbsp;&nbsp;&nbsp;&nbsp;&nbsp;&nbsp;&nbsp;&nbsp;&nbsp;&nbsp; 100000\u2013166000<\/p>\n<p>Jouhisorsa (<em>Anas acuta<\/em>) &nbsp;&nbsp;&nbsp;&nbsp;&nbsp;&nbsp;&nbsp;&nbsp; EN&nbsp; &nbsp; &nbsp; &nbsp; &nbsp; &nbsp; &nbsp; &nbsp; &nbsp; &nbsp; VU&nbsp;&nbsp;&nbsp;&nbsp;&nbsp;&nbsp;&nbsp;&nbsp;&nbsp;&nbsp;&nbsp;&nbsp;&nbsp;&nbsp;&nbsp;&nbsp;&nbsp;&nbsp;&nbsp;&nbsp;&nbsp;&nbsp; LC &nbsp;&nbsp;&nbsp;&nbsp;&nbsp;&nbsp;&nbsp;&nbsp;&nbsp;&nbsp;&nbsp;&nbsp;&nbsp;&nbsp;&nbsp;&nbsp;&nbsp;&nbsp;&nbsp;&nbsp;&nbsp; 16000\u201332000<\/p>\n<p>Hein\u00e4tavi (<em>A. querquedula<\/em>)&nbsp;&nbsp;&nbsp; EN &nbsp;&nbsp;&nbsp;&nbsp;&nbsp;&nbsp;&nbsp;&nbsp;&nbsp;&nbsp;&nbsp;&nbsp;&nbsp;&nbsp;&nbsp;&nbsp;&nbsp;&nbsp;&nbsp;&nbsp; VU&nbsp;&nbsp;&nbsp;&nbsp;&nbsp;&nbsp;&nbsp;&nbsp;&nbsp;&nbsp;&nbsp;&nbsp;&nbsp;&nbsp;&nbsp;&nbsp;&nbsp;&nbsp;&nbsp;&nbsp;&nbsp;&nbsp; LC &nbsp;&nbsp;&nbsp;&nbsp;&nbsp;&nbsp;&nbsp;&nbsp;&nbsp;&nbsp;&nbsp;&nbsp;&nbsp;&nbsp;&nbsp;&nbsp;&nbsp;&nbsp;&nbsp;&nbsp;&nbsp; 2600\u20139800<\/p>\n<p>Punasotka (<em>Aythya ferina<\/em>)&nbsp;&nbsp;&nbsp;&nbsp;&nbsp; EN&nbsp;&nbsp;&nbsp;&nbsp;&nbsp;&nbsp;&nbsp;&nbsp;&nbsp;&nbsp;&nbsp;&nbsp;&nbsp;&nbsp;&nbsp;&nbsp;&nbsp;&nbsp;&nbsp;&nbsp;&nbsp; VU &nbsp;&nbsp;&nbsp;&nbsp;&nbsp;&nbsp;&nbsp;&nbsp;&nbsp;&nbsp;&nbsp;&nbsp;&nbsp;&nbsp;&nbsp;&nbsp;&nbsp;&nbsp;&nbsp;&nbsp; LC &nbsp;&nbsp;&nbsp;&nbsp;&nbsp;&nbsp;&nbsp;&nbsp;&nbsp;&nbsp;&nbsp;&nbsp;&nbsp;&nbsp;&nbsp;&nbsp;&nbsp;&nbsp;&nbsp;&nbsp;&nbsp;&nbsp; 20000\u201332000<\/p>\n<p>Tukkasotka (<em>A. fuligula<\/em>)&nbsp;&nbsp;&nbsp;&nbsp;&nbsp;&nbsp;&nbsp;&nbsp;&nbsp;&nbsp; EN&nbsp; &nbsp; &nbsp; &nbsp; &nbsp; &nbsp; &nbsp; &nbsp; &nbsp; VU &nbsp;&nbsp;&nbsp;&nbsp;&nbsp;&nbsp;&nbsp;&nbsp;&nbsp;&nbsp;&nbsp;&nbsp;&nbsp;&nbsp;&nbsp;&nbsp;&nbsp;&nbsp;&nbsp;&nbsp;&nbsp; LC &nbsp;&nbsp;&nbsp;&nbsp;&nbsp;&nbsp;&nbsp;&nbsp;&nbsp;&nbsp;&nbsp;&nbsp;&nbsp;&nbsp;&nbsp;&nbsp;&nbsp;&nbsp;&nbsp;&nbsp;&nbsp;&nbsp; 80000\u2013120000<\/p>\n<p>Haahka (<em>S. mollissima<\/em>)&nbsp;&nbsp;&nbsp;&nbsp;&nbsp;&nbsp;&nbsp;&nbsp;&nbsp;&nbsp;&nbsp;&nbsp; VU&nbsp; &nbsp; &nbsp; &nbsp; &nbsp; &nbsp; &nbsp; &nbsp; &nbsp; NT&nbsp; &nbsp; &nbsp; &nbsp; &nbsp; &nbsp; &nbsp; &nbsp; &nbsp; &nbsp; &nbsp; LC &nbsp;&nbsp;&nbsp;&nbsp;&nbsp;&nbsp;&nbsp;&nbsp;&nbsp;&nbsp;&nbsp;&nbsp;&nbsp;&nbsp;&nbsp;&nbsp;&nbsp;&nbsp;&nbsp;&nbsp;&nbsp;&nbsp; 188000\u2013265200<\/p>\n<p>Alli (<em>Clangula hyemalis<\/em>)&nbsp;&nbsp;&nbsp;&nbsp;&nbsp;&nbsp;&nbsp;&nbsp;&nbsp;&nbsp; NT &nbsp;&nbsp;&nbsp;&nbsp;&nbsp;&nbsp;&nbsp;&nbsp;&nbsp;&nbsp;&nbsp;&nbsp;&nbsp;&nbsp;&nbsp;&nbsp;&nbsp;&nbsp;&nbsp;&nbsp; LC &nbsp;&nbsp;&nbsp;&nbsp;&nbsp;&nbsp;&nbsp;&nbsp;&nbsp;&nbsp;&nbsp;&nbsp;&nbsp;&nbsp;&nbsp;&nbsp;&nbsp;&nbsp;&nbsp;&nbsp;&nbsp;&nbsp; LC &nbsp;&nbsp;&nbsp;&nbsp;&nbsp;&nbsp;&nbsp;&nbsp;&nbsp;&nbsp;&nbsp;&nbsp;&nbsp;&nbsp;&nbsp;&nbsp;&nbsp;&nbsp;&nbsp;&nbsp;&nbsp;&nbsp; 3000\u20134000<\/p>\n<p>Tukkakoskelo (<em>M. serrator<\/em>)&nbsp;&nbsp;&nbsp; EN &nbsp;&nbsp;&nbsp;&nbsp;&nbsp;&nbsp;&nbsp;&nbsp;&nbsp;&nbsp;&nbsp;&nbsp;&nbsp;&nbsp;&nbsp;&nbsp;&nbsp;&nbsp;&nbsp;&nbsp; NT &nbsp;&nbsp;&nbsp;&nbsp;&nbsp;&nbsp;&nbsp;&nbsp;&nbsp;&nbsp;&nbsp;&nbsp;&nbsp;&nbsp;&nbsp;&nbsp;&nbsp;&nbsp;&nbsp;&nbsp;&nbsp; LC &nbsp;&nbsp;&nbsp;&nbsp;&nbsp;&nbsp;&nbsp;&nbsp;&nbsp;&nbsp;&nbsp;&nbsp;&nbsp;&nbsp;&nbsp;&nbsp;&nbsp;&nbsp;&nbsp;&nbsp;&nbsp;&nbsp; 50000\u201370000<\/p>\n<p>Isokoskelo (<em>M. merganser<\/em>)&nbsp;&nbsp;&nbsp; VU &nbsp;&nbsp;&nbsp;&nbsp;&nbsp;&nbsp;&nbsp;&nbsp;&nbsp;&nbsp;&nbsp;&nbsp;&nbsp;&nbsp;&nbsp;&nbsp;&nbsp;&nbsp;&nbsp;&nbsp; NT &nbsp;&nbsp;&nbsp;&nbsp;&nbsp;&nbsp;&nbsp;&nbsp;&nbsp;&nbsp;&nbsp;&nbsp;&nbsp;&nbsp;&nbsp;&nbsp;&nbsp;&nbsp;&nbsp;&nbsp;&nbsp; LC &nbsp;&nbsp;&nbsp;&nbsp;&nbsp;&nbsp;&nbsp;&nbsp;&nbsp;&nbsp;&nbsp;&nbsp;&nbsp;&nbsp;&nbsp;&nbsp;&nbsp;&nbsp;&nbsp;&nbsp;&nbsp;&nbsp; 40000\u201360000<\/p>\n<p>Riekko (<em>Lagopus lagopus<\/em>)&nbsp;&nbsp;&nbsp;&nbsp;&nbsp; VU &nbsp;&nbsp;&nbsp;&nbsp;&nbsp;&nbsp;&nbsp;&nbsp;&nbsp;&nbsp;&nbsp;&nbsp;&nbsp;&nbsp;&nbsp;&nbsp;&nbsp;&nbsp;&nbsp;&nbsp; NT &nbsp;&nbsp;&nbsp;&nbsp;&nbsp;&nbsp;&nbsp;&nbsp;&nbsp;&nbsp;&nbsp;&nbsp;&nbsp;&nbsp;&nbsp;&nbsp;&nbsp;&nbsp;&nbsp;&nbsp;&nbsp; LC &nbsp;&nbsp;&nbsp;&nbsp;&nbsp;&nbsp;&nbsp;&nbsp;&nbsp;&nbsp;&nbsp;&nbsp;&nbsp;&nbsp;&nbsp;&nbsp;&nbsp;&nbsp;&nbsp;&nbsp;&nbsp;&nbsp; 180&nbsp;000<\/p>\n<p>Kiiruna (<em>Lagopus muta<\/em>)&nbsp;&nbsp;&nbsp;&nbsp;&nbsp;&nbsp;&nbsp;&nbsp;&nbsp;&nbsp; NT &nbsp;&nbsp;&nbsp;&nbsp;&nbsp;&nbsp;&nbsp;&nbsp;&nbsp;&nbsp;&nbsp;&nbsp;&nbsp;&nbsp;&nbsp;&nbsp;&nbsp;&nbsp;&nbsp;&nbsp; LC &nbsp;&nbsp;&nbsp;&nbsp;&nbsp;&nbsp;&nbsp;&nbsp;&nbsp;&nbsp;&nbsp;&nbsp;&nbsp;&nbsp;&nbsp;&nbsp;&nbsp;&nbsp;&nbsp;&nbsp;&nbsp;&nbsp; LC &nbsp;&nbsp;&nbsp;&nbsp;&nbsp;&nbsp;&nbsp;&nbsp;&nbsp;&nbsp;&nbsp;&nbsp;&nbsp;&nbsp;&nbsp;&nbsp;&nbsp;&nbsp;&nbsp;&nbsp;&nbsp;&nbsp; 13&nbsp;000<\/p>\n<p>Nokikana (<em>Fulica atra<\/em>)&nbsp;&nbsp;&nbsp;&nbsp;&nbsp;&nbsp;&nbsp;&nbsp;&nbsp;&nbsp;&nbsp;&nbsp;&nbsp; EN &nbsp;&nbsp;&nbsp;&nbsp;&nbsp;&nbsp;&nbsp;&nbsp;&nbsp;&nbsp;&nbsp;&nbsp;&nbsp;&nbsp;&nbsp;&nbsp;&nbsp;&nbsp;&nbsp;&nbsp; LC &nbsp;&nbsp;&nbsp;&nbsp;&nbsp;&nbsp;&nbsp;&nbsp;&nbsp;&nbsp;&nbsp;&nbsp;&nbsp;&nbsp;&nbsp;&nbsp;&nbsp;&nbsp;&nbsp;&nbsp;&nbsp;&nbsp; LC &nbsp;&nbsp;&nbsp;&nbsp;&nbsp;&nbsp;&nbsp;&nbsp;&nbsp;&nbsp;&nbsp;&nbsp;&nbsp;&nbsp;&nbsp;&nbsp;&nbsp;&nbsp;&nbsp;&nbsp;&nbsp;&nbsp; 7600\u201318200<\/p>\n<p><em>Taulukko 1: Riistalintujen uhanalaisuuskehitys 2000-2015. Merkkien selitykset: LC= elinvoimainen, NT= silm\u00e4ll\u00e4pidett\u00e4v\u00e4, VU= vaarantunut, EN= eritt\u00e4in uhanalainen. <\/em><\/p>\n<p>&nbsp;<\/p>\n<p>Kuten kehityksest\u00e4 selv\u00e4sti n\u00e4hd\u00e4\u00e4n, mets\u00e4stett\u00e4vien riistalintujen osalta taantuma on ollut viimeisen 15 vuoden aikana huomattava. Riistalinnuista jopa puolet lajeista, eli 50% on v\u00e4hint\u00e4\u00e4n silm\u00e4ll\u00e4pidett\u00e4vi\u00e4 ja mets\u00e4hanhea lukuun ottamatta kaikki edell\u00e4 mainitut lajit ovat olleet elinvoimaisia viel\u00e4 vuoden 2000 luokituksessa. T\u00e4ll\u00e4 hetkell\u00e4 jopa 23% lajeista on eritt\u00e4in uhanalaisia (EN).<\/p>\n<p>Ministeri\u00f6n kannanottoa asiaan: &#8221;- Mets\u00e4stys ei ole n\u00e4iden lintukantojen v\u00e4henemisen syyn\u00e4. Siksi rajoituksia ei ole n\u00e4hty tarpeellisina, sanoo ylitarkastaja Janne Pitk\u00e4nen maa- ja mets\u00e4talousministeri\u00f6st\u00e4<a href=\"#_ftn4\" name=\"_ftnref4\">[4]<\/a>&#8221;, ei voida pit\u00e4\u00e4 validina tai mets\u00e4styslain 20\u00a7 mukaisena. Riistakantoja ei voida hoitaa hyv\u00e4n tahdon mukaisilla suosituksilla ja toivomuksilla, vaan velvoittavalla lains\u00e4\u00e4d\u00e4nn\u00f6ll\u00e4 ja asetuksilla. Ministeri\u00f6n n\u00e4kemys asiaan on l\u00e4hinn\u00e4 naiivi sek\u00e4 piittaamaton ja tuo esiin vain asiantuntemattomuutta.<\/p>\n<p>Kaikkiaan rauhoitusten osalta mets\u00e4stett\u00e4vien lintujen tilaa tulisi tarkastella kokonaisvaltaisemmin, jotta Suomen luonnon monimuotoisuuden k\u00f6yhtyminen saadaan pys\u00e4ytetty\u00e4. Vaikka hallitus on nyt luopunut tavoitteesta<a href=\"#_ftn5\" name=\"_ftnref5\">[5]<\/a><strong>, ei Suomen luonnon monimuotoisuuden k\u00f6yhtymist\u00e4 tule kuitenkaan EDESAUTTAA<\/strong> piittaamattomin toimenpitein!<\/p>\n<p>&nbsp;<\/p>\n<ol start=\"2\">\n<li>Riekko<\/li>\n<\/ol>\n<p>&nbsp;<\/p>\n<p>Riekon pyyt\u00e4minen Enonteki\u00f6n, Inarin ja Utsjoen kunnissa kaulanarua k\u00e4ytt\u00e4m\u00e4ll\u00e4, <em>perinteeseen <\/em>vedoten, on el\u00e4insuojelulain 32\u00a7<a href=\"#_ftn6\" name=\"_ftnref6\">[6]<\/a>, sek\u00e4 mets\u00e4styslain 20\u00a7 vastaista. El\u00e4insuojelulain mukaan: \u201d <em>El\u00e4in on lopetettava mahdollisimman nopeasti ja kivuttomasti sen lopetukseen soveltuvalla menetelm\u00e4ll\u00e4 ja tekniikalla.\u201d <\/em>Mets\u00e4styslain 20\u00a7<a href=\"#_ftn7\" name=\"_ftnref7\">[7]<\/a> mukaan: \u201d <em>Mets\u00e4styst\u00e4 on harjoitettava kest\u00e4v\u00e4n k\u00e4yt\u00f6n periaatteiden mukaisesti ja siten, ett\u00e4 riistael\u00e4inkannat eiv\u00e4t vaarannu, luontoa ei tarpeettomasti vahingoiteta, riistakantaa ei vaaranneta eik\u00e4 el\u00e4imille tuoteta tarpeetonta k\u00e4rsimyst\u00e4.\u201d <\/em>Siten mets\u00e4stysasetuksen 10\u00a7<a href=\"#_ftn8\" name=\"_ftnref8\">[8]<\/a> on huomattavassa ristiriidassa sek\u00e4 mets\u00e4styslain, ett\u00e4 el\u00e4insuojelulain kanssa ja vaatisi pikaista korjaamista. Linnun hidas tukehduttaminen pakkasessa t\u00e4ytt\u00e4\u00e4 el\u00e4inr\u00e4\u00e4kk\u00e4yksen tunnusmerkist\u00f6n, eik\u00e4 siten ole nykyaikaista mets\u00e4styst\u00e4. Brutaaleista ja tarpeettomista \u201dperinteist\u00e4\u201d pit\u00e4\u00e4 osata tarvittaessa my\u00f6s luopua. El\u00e4int\u00e4 julmasti kohtelevan \u201dperinteen\u201d vaalimisessa ei ole mit\u00e4\u00e4n kunniakasta tai tavoittelemisen arvoista. Kanalintujen ansapyyntiin tarkoitetut v\u00e4lineet kuuluvat museoon, eiv\u00e4t en\u00e4\u00e4 k\u00e4yt\u00e4nt\u00f6\u00f6n.<\/p>\n<p>Liitto esitt\u00e4\u00e4 seuraavaa: sek\u00e4 riekko (VU) ett\u00e4 kiiruna (NT) tulee rauhoittaa my\u00f6s Enonteki\u00f6n, Inarin ja Utsjoen kunnissa, kunnes kannat saadaan kest\u00e4v\u00e4lle tasolle. Ansapyynnist\u00e4 tulee luopua. Ensiarvoisen t\u00e4rke\u00e4\u00e4 olisi ryhty\u00e4 my\u00f6s elinymp\u00e4rist\u00f6jen ennallistamistoimiin etenkin riekon etel\u00e4isill\u00e4 esiintymisalueilla. Ennallistamisty\u00f6t\u00e4 ei voida hallinnon toimesta j\u00e4tt\u00e4\u00e4 pelk\u00e4st\u00e4\u00e4n luonnonsuojelusektorin vapaaehtoisty\u00f6n harteille.<\/p>\n<p>&nbsp;<\/p>\n<ol start=\"3\">\n<li>Metso<\/li>\n<\/ol>\n<p>&nbsp;<\/p>\n<p>Liitto my\u00f6s muistuttaa, ett\u00e4 mets\u00e4styspaineen ohella my\u00f6s lis\u00e4\u00e4ntyneet hakkuut vaikeuttavat mets\u00e4kanalintujen pesint\u00e4\u00e4: soidinalueita tuhoutuu ja pirstaloituu jatkuvasti. Mik\u00e4li mets\u00e4taloutta hoidettaisiin painottuen jatkuvan kasvatuksen menetelm\u00e4\u00e4n, voitaisiin turvata paremmin my\u00f6s mets\u00e4kanalintujen pesinn\u00e4t. Liitto puuttui elinymp\u00e4rist\u00f6jen tilaan jo lausunnossaan 13.8.2016.<\/p>\n<p>Riistakolmiolaskentojen mukaan metsokanta on pienentynyt Kanta- ja P\u00e4ij\u00e4t-H\u00e4meen, Pohjanmaan, Pohjois-Savon ja Keski-Suomen it\u00e4isill\u00e4 alueilla, sek\u00e4 Pohjois-Pohjanmaan etel\u00e4- ja l\u00e4nsiosissa ja Pohjois-Karjalassa etel\u00e4isi\u00e4 kuntia lukuun ottamatta. Toimenpiteen\u00e4 esitet\u00e4\u00e4n mets\u00e4stysajan lyhent\u00e4mist\u00e4.<\/p>\n<p>Liitto katsoo, ett\u00e4 toimenpide on riitt\u00e4m\u00e4t\u00f6n ja esitt\u00e4\u00e4 ett\u00e4 <strong>metso tulee kokonaan rauhoittaa v\u00e4hint\u00e4\u00e4n n\u00e4ill\u00e4 alueilla, joilla kanta on pienentynyt, kunnes kanta saadaan elpym\u00e4\u00e4n. <\/strong><\/p>\n<p>&nbsp;<\/p>\n<ol start=\"4\">\n<li>Teeri<\/li>\n<\/ol>\n<p>&nbsp;<\/p>\n<p>Liitto yhtyy Suomen riistakeskuksen esitykseen urosteeren latvalinnustuksen <strong>kielt\u00e4misest\u00e4 1.-20.1. koko maan kattavasti<\/strong>. Latvalinnustukseen ei ole olemassa mit\u00e4\u00e4n edellytyksi\u00e4.<\/p>\n<p>Koska teeritiheydet ovat edelleen p\u00e4\u00e4osin pitk\u00e4aikaisten keskiarvojen alapuolella, Liitto katsoo, <strong>ettei mets\u00e4styst\u00e4 tule harjoittaa olleenkaan ennen kuin keskiarvotaso saavutetaan<\/strong>. <strong>T\u00e4ysrauhoitukseen tulee ryhty\u00e4 v\u00e4hint\u00e4\u00e4n niill\u00e4 alueilla, joilla on tapahtunut laskua<\/strong>: Etel\u00e4-H\u00e4meess\u00e4, Kaakkois-Suomessa ja Pohjois-Karjalassa. &nbsp;Kuten Pohjois-Karjalassa on osoitettu, ei lyhennetty mets\u00e4stysaika riit\u00e4 elvytt\u00e4m\u00e4\u00e4n kanalintukantoja.<\/p>\n<p>&nbsp;<\/p>\n<ol start=\"5\">\n<li>Pyy<\/li>\n<\/ol>\n<p>&nbsp;<\/p>\n<p>Liitto yhtyy Suomen riistakeskuksen n\u00e4kemykseen pyyn rauhoituksen jatkamisesta Keski- ja Yl\u00e4-Lapissa. Etel\u00e4isen Lapin osalta tulee my\u00f6s tarkastella, onko rajoitusaika riitt\u00e4v\u00e4?<strong> Mets\u00e4styspaineen lis\u00e4\u00e4minen alueella v\u00e4litt\u00f6m\u00e4sti v\u00e4h\u00e4isen elpymisen j\u00e4lkeen on kyseenalaista.<\/strong> Niin ik\u00e4\u00e4n on tarkasteltava kriittisesti, onko rajoitusaika riitt\u00e4v\u00e4 turvaamaan pyykanta Pohjois-Karjalasta keskiseen Lappiin ulottuvalla vy\u00f6hykkeell\u00e4.<\/p>\n<p>Liitto muistuttaa, ett\u00e4 kanalintukantojen elvytt\u00e4minen on aina helpompaa, kun taantuma on viel\u00e4 suhteellisen kevyin toimenpitein hallittavissa. Siksi tarvittaviin rauhoituksiin on syyt\u00e4 ryhty\u00e4 hyviss\u00e4 ajoin, eik\u00e4 vasta siin\u00e4 vaiheessa, kun juuri mit\u00e4\u00e4n ei ole en\u00e4\u00e4 teht\u00e4viss\u00e4.<\/p>\n<p><a href=\"#_ftnref1\" name=\"_ftn1\">[1]<\/a> http:\/\/www.finlex.fi\/fi\/laki\/ajantasa\/1993\/19930615#L3P20<\/p>\n<p><a href=\"#_ftnref2\" name=\"_ftn2\">[2]<\/a> https:\/\/helda.helsinki.fi\/bitstream\/handle\/10138\/159435\/Suomen_lintujen_uhanalaisuus_2015.pdf?sequence=1<\/p>\n<p><a href=\"#_ftnref3\" name=\"_ftn3\">[3]<\/a> http:\/\/www.finlex.fi\/fi\/laki\/ajantasa\/1993\/19930615#L1P5<\/p>\n<p><a href=\"#_ftnref4\" name=\"_ftn4\">[4]<\/a> http:\/\/www.iltalehti.fi\/kotimaa\/201708172200333460_u0.shtml<\/p>\n<p><a href=\"#_ftnref5\" name=\"_ftn5\">[5]<\/a> https:\/\/www.eduskunta.fi\/FI\/vaski\/Kysymys\/Documents\/KKV_209+2017.pdf<\/p>\n<p><a href=\"#_ftnref6\" name=\"_ftn6\">[6]<\/a> http:\/\/www.finlex.fi\/fi\/laki\/ajantasa\/1996\/19960247#L2-2P32<\/p>\n<p><a href=\"#_ftnref7\" name=\"_ftn7\">[7]<\/a> http:\/\/www.finlex.fi\/fi\/laki\/ajantasa\/1993\/19930615#L3P20<\/p>\n<p><a href=\"#_ftnref8\" name=\"_ftn8\">[8]<\/a> http:\/\/www.finlex.fi\/fi\/laki\/ajantasa\/1993\/19930666#P10a<\/p>\n","protected":false},"excerpt":{"rendered":"<p>Lausunto luonnoksesta maa- ja mets\u00e4talousministeri\u00f6n asetukseksi metson, teeren, pyyn ja riekon mets\u00e4styksen kielt\u00e4misest\u00e4 mets\u00e4stysvuonna 2017\u20132018 (Dnro 1401\/01.03\/2017): &nbsp; &nbsp; &nbsp; &nbsp; &nbsp; &nbsp; &nbsp; Luonnonsuojeluliitto Tapola (j\u00e4ljemp\u00e4n\u00e4 Liitto) on tutustunut asetusluonnokseen, sek\u00e4 -muistioon liitteineen ja lausuu asiasta seuraavaa: Yleist\u00e4 riistalinnuista Riekko Metso Teeri Pyy &nbsp; &nbsp; Yleist\u00e4 riistalinnuista: &nbsp; Mets\u00e4styslain 20\u00a7 mukaan mets\u00e4styst\u00e4 on harjoitettava [&hellip;]<\/p>\n","protected":false},"author":2,"featured_media":2386,"parent":2116,"menu_order":0,"comment_status":"closed","ping_status":"closed","template":"","meta":{"ngg_post_thumbnail":0,"footnotes":""},"class_list":["post-2385","page","type-page","status-publish","has-post-thumbnail"],"_links":{"self":[{"href":"https:\/\/tapiolary.com\/index.php?rest_route=\/wp\/v2\/pages\/2385","targetHints":{"allow":["GET"]}}],"collection":[{"href":"https:\/\/tapiolary.com\/index.php?rest_route=\/wp\/v2\/pages"}],"about":[{"href":"https:\/\/tapiolary.com\/index.php?rest_route=\/wp\/v2\/types\/page"}],"author":[{"embeddable":true,"href":"https:\/\/tapiolary.com\/index.php?rest_route=\/wp\/v2\/users\/2"}],"replies":[{"embeddable":true,"href":"https:\/\/tapiolary.com\/index.php?rest_route=%2Fwp%2Fv2%2Fcomments&post=2385"}],"version-history":[{"count":3,"href":"https:\/\/tapiolary.com\/index.php?rest_route=\/wp\/v2\/pages\/2385\/revisions"}],"predecessor-version":[{"id":2389,"href":"https:\/\/tapiolary.com\/index.php?rest_route=\/wp\/v2\/pages\/2385\/revisions\/2389"}],"up":[{"embeddable":true,"href":"https:\/\/tapiolary.com\/index.php?rest_route=\/wp\/v2\/pages\/2116"}],"wp:featuredmedia":[{"embeddable":true,"href":"https:\/\/tapiolary.com\/index.php?rest_route=\/wp\/v2\/media\/2386"}],"wp:attachment":[{"href":"https:\/\/tapiolary.com\/index.php?rest_route=%2Fwp%2Fv2%2Fmedia&parent=2385"}],"curies":[{"name":"wp","href":"https:\/\/api.w.org\/{rel}","templated":true}]}}