{"id":1541,"date":"2016-11-18T09:33:33","date_gmt":"2016-11-18T09:33:33","guid":{"rendered":"http:\/\/tapiolary.com\/?page_id=1541"},"modified":"2018-04-01T23:21:53","modified_gmt":"2018-04-01T23:21:53","slug":"hallin-itameren-norpan-saukon-ja-euroopanmajavan-metsastysta-metsastysvuonna-2016-2017","status":"publish","type":"page","link":"https:\/\/tapiolary.com\/?page_id=1541","title":{"rendered":"Hallin, it\u00e4meren norpan, saukon ja euroopanmajavan mets\u00e4styst\u00e4 mets\u00e4stysvuonna 2016-2017"},"content":{"rendered":"<p><strong>Lausunto luonnoksesta maa- ja mets\u00e4talousministeri\u00f6n asetuksiksi koskien hallin, it\u00e4meren norpan, saukon ja euroopanmajavan mets\u00e4styst\u00e4 mets\u00e4stysvuonna 2016-2017<\/strong><\/p>\n<p><strong>\u00a0<\/strong><\/p>\n<p>18.7.2016<\/p>\n<p>Luonnonsuojeluliitto Tapiola on tutustunut luonnoksiin sek\u00e4 muistioihin ja lausuu asiasta <strong>pyyt\u00e4m\u00e4tt\u00e4<\/strong> seuraavaa:<\/p>\n<p>&nbsp;<\/p>\n<ol>\n<li><strong><u> Harmaahylje<\/u><\/strong><\/li>\n<\/ol>\n<p>Mets\u00e4styskiinti\u00f6ll\u00e4 ei saa vaarantaa hyljekantaa. Pyyntim\u00e4\u00e4riin n\u00e4hden saaliskiinti\u00f6 on t\u00e4ysin ylimitoitettu \u201dreservi\u201d, kuten viime vuonnakin. Hylkeit\u00e4 hukkuu vuosittain my\u00f6s kalastajien pyyntiverkkoihin.<\/p>\n<p>&nbsp;<\/p>\n<ol start=\"2\">\n<li><strong><u> It\u00e4meren norppa<\/u><\/strong><\/li>\n<\/ol>\n<p>Kiinti\u00f6 tulee perustua todennettuun laskentatietoon, eik\u00e4 olettamukseen laskentahetkell\u00e4 vedess\u00e4 olevien norppien m\u00e4\u00e4r\u00e4st\u00e4, kuten muistiossa esitet\u00e4\u00e4n. Lis\u00e4ksi vahinkoperusteiset luvat tulee ehdottomasti huomioida my\u00f6s kannanhoidollisen mets\u00e4styksen lupam\u00e4\u00e4riss\u00e4.<\/p>\n<p>It\u00e4meren kalakantoja koskien ensisijainen huolenaihe tulee olla meren rehev\u00f6itymisess\u00e4, kutupaikkojen tuhoutumisessa ja vaelluskaloille kelvollisten jokien kalaportaiden rakentamisessa, ei niink\u00e4\u00e4n luontaisen pedon olemassaolossa.<\/p>\n<p>Yhdistys huomauttaa my\u00f6s, ett\u00e4 It\u00e4meren hylkeiden hoitosuunnitelma on per\u00e4isin vuodelta 2007 ja on auttamattomasti vanhentunut. Suunnitelma kaipaisi tarkastelua mm. ennaltaehk\u00e4isevien toimien (esimerkiksi hyljeturvallisten rysien) osalta.<\/p>\n<p>Mets\u00e4styksen etiikalle on kest\u00e4m\u00e4t\u00f6nt\u00e4 n\u00e4hd\u00e4 tietyt el\u00e4imet ainoastaan vahinkoel\u00e4imin\u00e4. Tuoreimmassa uhanalaisuusluokituksessa 2015<a href=\"#_ftn1\" name=\"_ftnref1\">[1]<\/a>, it\u00e4meren norppa on silm\u00e4ll\u00e4pidett\u00e4v\u00e4. Kun laji on edelleen toipumassa, tulisi noudattaa varovaisuusperiaatetta eik\u00e4 l\u00e4hte\u00e4 heti toisena mets\u00e4styskautena kaksinkertaistamaan mets\u00e4stett\u00e4vien norppien m\u00e4\u00e4r\u00e4\u00e4.<\/p>\n<p>&nbsp;<\/p>\n<ol start=\"3\">\n<li><strong><u> Euroopanmajava<\/u><\/strong><\/li>\n<\/ol>\n<p>Euroopanmajava on esiintymisalueeltaan varsin rajoittunut. P\u00e4\u00e4painopiste on Satakunnassa. Laji on viimeisimm\u00e4n nis\u00e4kk\u00e4iden uhanalaisuusluokituksen 2015 mukaan silm\u00e4ll\u00e4pidett\u00e4v\u00e4. Ensisijaisesti tulisi pyrki\u00e4 turvaamaan euroopanmajavan s\u00e4ilyminen ja kannan levitt\u00e4ytyminen uusille alueille. Euroopanmajava on alkuper\u00e4inen majavalajimme, ja tulisikin keskitty\u00e4 poistamaan kanadanmajavaa jotta euroopanmajavakanta p\u00e4\u00e4sisi vahvistumaan ja levitt\u00e4ytym\u00e4\u00e4n pysyv\u00e4sti my\u00f6s muualle Suomeen.<\/p>\n<p>Yhdistys huomauttaa my\u00f6s ett\u00e4 majavan mets\u00e4stysaika menee p\u00e4\u00e4llekk\u00e4in sen lis\u00e4\u00e4ntymisajan kanssa. Naaraat ovat kantavia kauden lopussa. Yhdistys huomautti t\u00e4st\u00e4 jo viime vuonna lausunnossaan.<\/p>\n<p>&nbsp;<\/p>\n<ol start=\"4\">\n<li><strong><u> Saukko<\/u><\/strong><\/li>\n<\/ol>\n<p>Saukko kuuluu Suomessa luontodirektiivin liitteen IV tiukasti suojeltuihin lajeihin. Saukkoja tapettiin viime vuonna riistakeskus Keski-Suomen ja \u2013Oulun alueilla. Saukkokanta ei Luonnonvarakeskuksen tilaston mukaan n\u00e4ytt\u00e4isi olevan seuduilla mitenk\u00e4\u00e4n poikkeuksellisen runsas vaan runsain saukkokanta keskittyy Lappiin, sek\u00e4 Pohjois-H\u00e4meen kaakkoisosiin. Vuoden 2015 j\u00e4lki-indeksiss\u00e4 riistakeskus Oulun alueella l\u00f6ytyy lis\u00e4ksi huomattavan paljon harmaita alueita.<\/p>\n<p>Mik\u00e4li saukkokannan vahvistuminen ja levitt\u00e4ytyminen uusille alueille on ministeri\u00f6n tavoitteena, ei saukkoja tulisi ampua t\u00e4ss\u00e4 vaiheessa ollenkaan. Yhdistys muistuttaa ministeri\u00f6t\u00e4 varovaisuusperiaatteen noudattamisesta my\u00f6s saukon kohdalla.<\/p>\n<p><a href=\"#_ftnref1\" name=\"_ftn1\">[1]<\/a> https:\/\/helda.helsinki.fi\/bitstream\/handle\/10138\/159434\/Suomen_nisakkaiden_uhanalaisuus_2015.pdf?sequence=3<\/p>\n","protected":false},"excerpt":{"rendered":"<p>Lausunto luonnoksesta maa- ja mets\u00e4talousministeri\u00f6n asetuksiksi koskien hallin, it\u00e4meren norpan, saukon ja euroopanmajavan mets\u00e4styst\u00e4 mets\u00e4stysvuonna 2016-2017 \u00a0 18.7.2016 Luonnonsuojeluliitto Tapiola on tutustunut luonnoksiin sek\u00e4 muistioihin ja lausuu asiasta pyyt\u00e4m\u00e4tt\u00e4 seuraavaa: &nbsp; Harmaahylje Mets\u00e4styskiinti\u00f6ll\u00e4 ei saa vaarantaa hyljekantaa. Pyyntim\u00e4\u00e4riin n\u00e4hden saaliskiinti\u00f6 on t\u00e4ysin ylimitoitettu \u201dreservi\u201d, kuten viime vuonnakin. Hylkeit\u00e4 hukkuu vuosittain my\u00f6s kalastajien pyyntiverkkoihin. &nbsp; It\u00e4meren [&hellip;]<\/p>\n","protected":false},"author":2,"featured_media":0,"parent":2114,"menu_order":0,"comment_status":"closed","ping_status":"closed","template":"","meta":{"ngg_post_thumbnail":0,"footnotes":""},"class_list":["post-1541","page","type-page","status-publish"],"_links":{"self":[{"href":"https:\/\/tapiolary.com\/index.php?rest_route=\/wp\/v2\/pages\/1541","targetHints":{"allow":["GET"]}}],"collection":[{"href":"https:\/\/tapiolary.com\/index.php?rest_route=\/wp\/v2\/pages"}],"about":[{"href":"https:\/\/tapiolary.com\/index.php?rest_route=\/wp\/v2\/types\/page"}],"author":[{"embeddable":true,"href":"https:\/\/tapiolary.com\/index.php?rest_route=\/wp\/v2\/users\/2"}],"replies":[{"embeddable":true,"href":"https:\/\/tapiolary.com\/index.php?rest_route=%2Fwp%2Fv2%2Fcomments&post=1541"}],"version-history":[{"count":1,"href":"https:\/\/tapiolary.com\/index.php?rest_route=\/wp\/v2\/pages\/1541\/revisions"}],"predecessor-version":[{"id":1542,"href":"https:\/\/tapiolary.com\/index.php?rest_route=\/wp\/v2\/pages\/1541\/revisions\/1542"}],"up":[{"embeddable":true,"href":"https:\/\/tapiolary.com\/index.php?rest_route=\/wp\/v2\/pages\/2114"}],"wp:attachment":[{"href":"https:\/\/tapiolary.com\/index.php?rest_route=%2Fwp%2Fv2%2Fmedia&parent=1541"}],"curies":[{"name":"wp","href":"https:\/\/api.w.org\/{rel}","templated":true}]}}